{"version":"1.0","provider_name":"Nettali.com","provider_url":"https:\/\/www.nettali.com","title":"La FGTS rejette le pacte social","type":"rich","width":600,"height":338,"html":"<blockquote class=\"wp-embedded-content\"><a href=\"https:\/\/www.nettali.com\/2025\/10\/29\/la-fgts-rejette-le-pacte-social\/\">La FGTS rejette le pacte social<\/a><\/blockquote>\n<script type='text\/javascript'>\n<!--\/\/--><![CDATA[\/\/><!--\n\t\t\/*! This file is auto-generated *\/\n\t\t!function(d,l){\"use strict\";var e=!1,n=!1;if(l.querySelector)if(d.addEventListener)e=!0;if(d.wp=d.wp||{},!d.wp.receiveEmbedMessage)if(d.wp.receiveEmbedMessage=function(e){var t=e.data;if(t)if(t.secret||t.message||t.value)if(!\/[^a-zA-Z0-9]\/.test(t.secret)){for(var r,i,a,s=l.querySelectorAll('iframe[data-secret=\"'+t.secret+'\"]'),n=l.querySelectorAll('blockquote[data-secret=\"'+t.secret+'\"]'),o=new RegExp(\"^https?:$\",\"i\"),c=0;c<n.length;c++)n[c].style.display=\"none\";for(c=0;c<s.length;c++)if(r=s[c],e.source===r.contentWindow){if(r.removeAttribute(\"style\"),\"height\"===t.message){if(1e3<(a=parseInt(t.value,10)))a=1e3;else if(~~a<200)a=200;r.height=a}if(\"link\"===t.message)if(i=l.createElement(\"a\"),a=l.createElement(\"a\"),i.href=r.getAttribute(\"src\"),a.href=t.value,o.test(a.protocol))if(a.host===i.host)if(l.activeElement===r)d.top.location.href=t.value}}},e)d.addEventListener(\"message\",d.wp.receiveEmbedMessage,!1),l.addEventListener(\"DOMContentLoaded\",t,!1),d.addEventListener(\"load\",t,!1);function t(){if(!n){n=!0;for(var e,t,r=-1!==navigator.appVersion.indexOf(\"MSIE 10\"),i=!!navigator.userAgent.match(\/Trident.*rv:11\\.\/),a=l.querySelectorAll(\"iframe.wp-embedded-content\"),s=0;s<a.length;s++){if(!(e=a[s]).getAttribute(\"data-secret\"))t=Math.random().toString(36).substr(2,10),e.src+=\"#?secret=\"+t,e.setAttribute(\"data-secret\",t);if(r||i)(t=e.cloneNode(!0)).removeAttribute(\"security\"),e.parentNode.replaceChild(t,e)}}}}(window,document);\n\/\/--><!]]>\n<\/script><iframe sandbox=\"allow-scripts\" security=\"restricted\" src=\"https:\/\/www.nettali.com\/2025\/10\/29\/la-fgts-rejette-le-pacte-social\/embed\/\" width=\"600\" height=\"338\" title=\"\u00ab\u00a0La FGTS rejette le pacte social\u00a0\u00bb &#8212; Nettali.com\" frameborder=\"0\" marginwidth=\"0\" marginheight=\"0\" scrolling=\"no\" class=\"wp-embedded-content\"><\/iframe>","thumbnail_url":"https:\/\/www.nettali.com\/wp-content\/uploads\/2025\/10\/IMG-20250516-WA0141.jpg","thumbnail_width":1600,"thumbnail_height":1200,"description":"NETTALI.COM - La F\u00e9d\u00e9ration g\u00e9n\u00e9rale des travailleurs du S\u00e9n\u00e9gal (FGTS\/B) monte au cr\u00e9neau contre l\u2019institutionnalisation du Pacte social. Dans une d\u00e9claration rendue publique le mardi 28 octobre, la centrale syndicale dirig\u00e9e par la succession du regrett\u00e9 Sidya Ndiaye s\u2019interroge sur \u201cl\u2019utilit\u00e9 r\u00e9elle\u201d d\u2019un tel m\u00e9canisme, qu\u2019elle qualifie de \u201cnouvelle forme de participation d\u00e9guis\u00e9e\u201d visant \u00e0 [&hellip;]"}

NETTALI.COM - La Fédération générale des travailleurs du Sénégal (FGTS/B) monte au créneau contre l’institutionnalisation du Pacte social. Dans une déclaration rendue publique le mardi 28 octobre, la centrale syndicale dirigée par la succession du regretté Sidya Ndiaye s’interroge sur “l’utilité réelle” d’un tel mécanisme, qu’elle qualifie de “nouvelle forme de participation déguisée” visant à [&hellip;]
