{"version":"1.0","provider_name":"Nettali.com","provider_url":"https:\/\/www.nettali.com","title":"MONACO - Lamine Camara out pour 2 mois","type":"rich","width":600,"height":338,"html":"<blockquote class=\"wp-embedded-content\"><a href=\"https:\/\/www.nettali.com\/2025\/09\/28\/monaco-lamine-camara-out-pour-2-mois\/\">MONACO - Lamine Camara out pour 2 mois<\/a><\/blockquote>\n<script type='text\/javascript'>\n<!--\/\/--><![CDATA[\/\/><!--\n\t\t\/*! This file is auto-generated *\/\n\t\t!function(d,l){\"use strict\";var e=!1,n=!1;if(l.querySelector)if(d.addEventListener)e=!0;if(d.wp=d.wp||{},!d.wp.receiveEmbedMessage)if(d.wp.receiveEmbedMessage=function(e){var t=e.data;if(t)if(t.secret||t.message||t.value)if(!\/[^a-zA-Z0-9]\/.test(t.secret)){for(var r,i,a,s=l.querySelectorAll('iframe[data-secret=\"'+t.secret+'\"]'),n=l.querySelectorAll('blockquote[data-secret=\"'+t.secret+'\"]'),o=new RegExp(\"^https?:$\",\"i\"),c=0;c<n.length;c++)n[c].style.display=\"none\";for(c=0;c<s.length;c++)if(r=s[c],e.source===r.contentWindow){if(r.removeAttribute(\"style\"),\"height\"===t.message){if(1e3<(a=parseInt(t.value,10)))a=1e3;else if(~~a<200)a=200;r.height=a}if(\"link\"===t.message)if(i=l.createElement(\"a\"),a=l.createElement(\"a\"),i.href=r.getAttribute(\"src\"),a.href=t.value,o.test(a.protocol))if(a.host===i.host)if(l.activeElement===r)d.top.location.href=t.value}}},e)d.addEventListener(\"message\",d.wp.receiveEmbedMessage,!1),l.addEventListener(\"DOMContentLoaded\",t,!1),d.addEventListener(\"load\",t,!1);function t(){if(!n){n=!0;for(var e,t,r=-1!==navigator.appVersion.indexOf(\"MSIE 10\"),i=!!navigator.userAgent.match(\/Trident.*rv:11\\.\/),a=l.querySelectorAll(\"iframe.wp-embedded-content\"),s=0;s<a.length;s++){if(!(e=a[s]).getAttribute(\"data-secret\"))t=Math.random().toString(36).substr(2,10),e.src+=\"#?secret=\"+t,e.setAttribute(\"data-secret\",t);if(r||i)(t=e.cloneNode(!0)).removeAttribute(\"security\"),e.parentNode.replaceChild(t,e)}}}}(window,document);\n\/\/--><!]]>\n<\/script><iframe sandbox=\"allow-scripts\" security=\"restricted\" src=\"https:\/\/www.nettali.com\/2025\/09\/28\/monaco-lamine-camara-out-pour-2-mois\/embed\/\" width=\"600\" height=\"338\" title=\"\u00ab\u00a0MONACO - Lamine Camara out pour 2 mois\u00a0\u00bb &#8212; Nettali.com\" frameborder=\"0\" marginwidth=\"0\" marginheight=\"0\" scrolling=\"no\" class=\"wp-embedded-content\"><\/iframe>","thumbnail_url":"https:\/\/www.nettali.com\/wp-content\/uploads\/2025\/09\/images-1-5.jpeg","thumbnail_width":610,"thumbnail_height":434,"description":"NETTALI.COM - Victime d'une entorse \u00e0 la cheville, vendredi \u00e0 l\u2019entra\u00eenement, Lamine Camara pourrait \u00eatre \u00e9loign\u00e9 des terrains pendant 2 mois. L\u2019information est relay\u00e9e par l\u2019entra\u00eeneur de Monaco, Adi H\u00fctter.\u00a0 \"Je pense que son absence sera proche de deux mois\", a regrett\u00e9 l\u2019Autrichien apr\u00e8s la d\u00e9faite face \u00e0 Lorient (0-3), samedi. Le S\u00e9n\u00e9galais souffre d\u2019une [&hellip;]"}

NETTALI.COM - Victime d'une entorse à la cheville, vendredi à l’entraînement, Lamine Camara pourrait être éloigné des terrains pendant 2 mois. L’information est relayée par l’entraîneur de Monaco, Adi Hütter.  "Je pense que son absence sera proche de deux mois", a regretté l’Autrichien après la défaite face à Lorient (0-3), samedi. Le Sénégalais souffre d’une [&hellip;]
