{"version":"1.0","provider_name":"Nettali.com","provider_url":"https:\/\/www.nettali.com","title":"POLITIQUE - Abdoul Mbaye et l\u2019ACT s\u2019annoncent au Dialogue national","type":"rich","width":600,"height":338,"html":"<blockquote class=\"wp-embedded-content\"><a href=\"https:\/\/www.nettali.com\/2025\/05\/19\/politique-abdoul-mbaye-et-lact-sannoncent-au-dialogue-national\/\">POLITIQUE - Abdoul Mbaye et l\u2019ACT s\u2019annoncent au Dialogue national<\/a><\/blockquote>\n<script type='text\/javascript'>\n<!--\/\/--><![CDATA[\/\/><!--\n\t\t\/*! This file is auto-generated *\/\n\t\t!function(d,l){\"use strict\";var e=!1,n=!1;if(l.querySelector)if(d.addEventListener)e=!0;if(d.wp=d.wp||{},!d.wp.receiveEmbedMessage)if(d.wp.receiveEmbedMessage=function(e){var t=e.data;if(t)if(t.secret||t.message||t.value)if(!\/[^a-zA-Z0-9]\/.test(t.secret)){for(var r,i,a,s=l.querySelectorAll('iframe[data-secret=\"'+t.secret+'\"]'),n=l.querySelectorAll('blockquote[data-secret=\"'+t.secret+'\"]'),o=new RegExp(\"^https?:$\",\"i\"),c=0;c<n.length;c++)n[c].style.display=\"none\";for(c=0;c<s.length;c++)if(r=s[c],e.source===r.contentWindow){if(r.removeAttribute(\"style\"),\"height\"===t.message){if(1e3<(a=parseInt(t.value,10)))a=1e3;else if(~~a<200)a=200;r.height=a}if(\"link\"===t.message)if(i=l.createElement(\"a\"),a=l.createElement(\"a\"),i.href=r.getAttribute(\"src\"),a.href=t.value,o.test(a.protocol))if(a.host===i.host)if(l.activeElement===r)d.top.location.href=t.value}}},e)d.addEventListener(\"message\",d.wp.receiveEmbedMessage,!1),l.addEventListener(\"DOMContentLoaded\",t,!1),d.addEventListener(\"load\",t,!1);function t(){if(!n){n=!0;for(var e,t,r=-1!==navigator.appVersion.indexOf(\"MSIE 10\"),i=!!navigator.userAgent.match(\/Trident.*rv:11\\.\/),a=l.querySelectorAll(\"iframe.wp-embedded-content\"),s=0;s<a.length;s++){if(!(e=a[s]).getAttribute(\"data-secret\"))t=Math.random().toString(36).substr(2,10),e.src+=\"#?secret=\"+t,e.setAttribute(\"data-secret\",t);if(r||i)(t=e.cloneNode(!0)).removeAttribute(\"security\"),e.parentNode.replaceChild(t,e)}}}}(window,document);\n\/\/--><!]]>\n<\/script><iframe sandbox=\"allow-scripts\" security=\"restricted\" src=\"https:\/\/www.nettali.com\/2025\/05\/19\/politique-abdoul-mbaye-et-lact-sannoncent-au-dialogue-national\/embed\/\" width=\"600\" height=\"338\" title=\"\u00ab\u00a0POLITIQUE - Abdoul Mbaye et l\u2019ACT s\u2019annoncent au Dialogue national\u00a0\u00bb &#8212; Nettali.com\" frameborder=\"0\" marginwidth=\"0\" marginheight=\"0\" scrolling=\"no\" class=\"wp-embedded-content\"><\/iframe>","thumbnail_url":"https:\/\/www.nettali.com\/wp-content\/uploads\/2025\/05\/58487687-43123698.jpg","thumbnail_width":800,"thumbnail_height":524,"description":"NETTALI.COM - L\u2019 Alliance pour la citoyennet\u00e9 et le travail (ACT) a d\u00e9cid\u00e9 de prendre part au Dialogue national pr\u00e9vu le 28 mai 2025. Cette d\u00e9cision, souligne la formation politique, d\u00e9coule d\u2019un choix r\u00e9fl\u00e9chi, motiv\u00e9 par sa volont\u00e9 de r\u00e9pondre positivement \u00e0 l\u2019invitation du pr\u00e9sident de la R\u00e9publique Bassirou Diomaye Faye, dans un esprit d\u2019ouverture [&hellip;]"}

NETTALI.COM - L’ Alliance pour la citoyenneté et le travail (ACT) a décidé de prendre part au Dialogue national prévu le 28 mai 2025. Cette décision, souligne la formation politique, découle d’un choix réfléchi, motivé par sa volonté de répondre positivement à l’invitation du président de la République Bassirou Diomaye Faye, dans un esprit d’ouverture [&hellip;]
