{"version":"1.0","provider_name":"Nettali.com","provider_url":"https:\/\/www.nettali.com","title":"PROJET DE LOI D'AMNISTIE - Thierno Alassane Sall vote contre","type":"rich","width":600,"height":338,"html":"<blockquote class=\"wp-embedded-content\"><a href=\"https:\/\/www.nettali.com\/2024\/03\/05\/projet-de-loi-damnistie-thierno-alassane-sall-vote-contre\/\">PROJET DE LOI D'AMNISTIE - Thierno Alassane Sall vote contre<\/a><\/blockquote>\n<script type='text\/javascript'>\n<!--\/\/--><![CDATA[\/\/><!--\n\t\t\/*! This file is auto-generated *\/\n\t\t!function(d,l){\"use strict\";var e=!1,n=!1;if(l.querySelector)if(d.addEventListener)e=!0;if(d.wp=d.wp||{},!d.wp.receiveEmbedMessage)if(d.wp.receiveEmbedMessage=function(e){var t=e.data;if(t)if(t.secret||t.message||t.value)if(!\/[^a-zA-Z0-9]\/.test(t.secret)){for(var r,i,a,s=l.querySelectorAll('iframe[data-secret=\"'+t.secret+'\"]'),n=l.querySelectorAll('blockquote[data-secret=\"'+t.secret+'\"]'),o=new RegExp(\"^https?:$\",\"i\"),c=0;c<n.length;c++)n[c].style.display=\"none\";for(c=0;c<s.length;c++)if(r=s[c],e.source===r.contentWindow){if(r.removeAttribute(\"style\"),\"height\"===t.message){if(1e3<(a=parseInt(t.value,10)))a=1e3;else if(~~a<200)a=200;r.height=a}if(\"link\"===t.message)if(i=l.createElement(\"a\"),a=l.createElement(\"a\"),i.href=r.getAttribute(\"src\"),a.href=t.value,o.test(a.protocol))if(a.host===i.host)if(l.activeElement===r)d.top.location.href=t.value}}},e)d.addEventListener(\"message\",d.wp.receiveEmbedMessage,!1),l.addEventListener(\"DOMContentLoaded\",t,!1),d.addEventListener(\"load\",t,!1);function t(){if(!n){n=!0;for(var e,t,r=-1!==navigator.appVersion.indexOf(\"MSIE 10\"),i=!!navigator.userAgent.match(\/Trident.*rv:11\\.\/),a=l.querySelectorAll(\"iframe.wp-embedded-content\"),s=0;s<a.length;s++){if(!(e=a[s]).getAttribute(\"data-secret\"))t=Math.random().toString(36).substr(2,10),e.src+=\"#?secret=\"+t,e.setAttribute(\"data-secret\",t);if(r||i)(t=e.cloneNode(!0)).removeAttribute(\"security\"),e.parentNode.replaceChild(t,e)}}}}(window,document);\n\/\/--><!]]>\n<\/script><iframe sandbox=\"allow-scripts\" security=\"restricted\" src=\"https:\/\/www.nettali.com\/2024\/03\/05\/projet-de-loi-damnistie-thierno-alassane-sall-vote-contre\/embed\/\" width=\"600\" height=\"338\" title=\"\u00ab\u00a0PROJET DE LOI D&#039;AMNISTIE - Thierno Alassane Sall vote contre\u00a0\u00bb &#8212; Nettali.com\" frameborder=\"0\" marginwidth=\"0\" marginheight=\"0\" scrolling=\"no\" class=\"wp-embedded-content\"><\/iframe>","thumbnail_url":"https:\/\/www.nettali.com\/wp-content\/uploads\/2024\/02\/Thierno-Alassane-Sall.jpg","thumbnail_width":800,"thumbnail_height":800,"description":"NETTALI.COM-\u00a0La Commission des lois de l'Assembl\u00e9e nationale examine le projet ce mardi 5 mars 2024\u00a0 \u00e0 9 heures . Le d\u00e9put\u00e9 Thierno Allasane Sall soutient que ce projet d\u2019amnistie porte une atteinte grave \u00e0 la m\u00e9moire des victimes des manifestations et aux familles en qu\u00eate de v\u00e9rit\u00e9. La Conf\u00e9rence des pr\u00e9sidents s\u2019est pench\u00e9e ce lundi [&hellip;]"}

NETTALI.COM- La Commission des lois de l'Assemblée nationale examine le projet ce mardi 5 mars 2024  à 9 heures . Le député Thierno Allasane Sall soutient que ce projet d’amnistie porte une atteinte grave à la mémoire des victimes des manifestations et aux familles en quête de vérité. La Conférence des présidents s’est penchée ce lundi [&hellip;]
