{"version":"1.0","provider_name":"Nettali.com","provider_url":"https:\/\/www.nettali.com","title":"S\u00c9N\u00c9GAL - Bouna Sarr forfait pour le Mondial 2022","type":"rich","width":600,"height":338,"html":"<blockquote class=\"wp-embedded-content\"><a href=\"https:\/\/www.nettali.com\/2022\/09\/12\/senegal-bouna-sarr-forfait-pour-le-mondial-2022\/\">S\u00c9N\u00c9GAL - Bouna Sarr forfait pour le Mondial 2022<\/a><\/blockquote>\n<script type='text\/javascript'>\n<!--\/\/--><![CDATA[\/\/><!--\n\t\t\/*! This file is auto-generated *\/\n\t\t!function(d,l){\"use strict\";var e=!1,n=!1;if(l.querySelector)if(d.addEventListener)e=!0;if(d.wp=d.wp||{},!d.wp.receiveEmbedMessage)if(d.wp.receiveEmbedMessage=function(e){var t=e.data;if(t)if(t.secret||t.message||t.value)if(!\/[^a-zA-Z0-9]\/.test(t.secret)){for(var r,i,a,s=l.querySelectorAll('iframe[data-secret=\"'+t.secret+'\"]'),n=l.querySelectorAll('blockquote[data-secret=\"'+t.secret+'\"]'),o=new RegExp(\"^https?:$\",\"i\"),c=0;c<n.length;c++)n[c].style.display=\"none\";for(c=0;c<s.length;c++)if(r=s[c],e.source===r.contentWindow){if(r.removeAttribute(\"style\"),\"height\"===t.message){if(1e3<(a=parseInt(t.value,10)))a=1e3;else if(~~a<200)a=200;r.height=a}if(\"link\"===t.message)if(i=l.createElement(\"a\"),a=l.createElement(\"a\"),i.href=r.getAttribute(\"src\"),a.href=t.value,o.test(a.protocol))if(a.host===i.host)if(l.activeElement===r)d.top.location.href=t.value}}},e)d.addEventListener(\"message\",d.wp.receiveEmbedMessage,!1),l.addEventListener(\"DOMContentLoaded\",t,!1),d.addEventListener(\"load\",t,!1);function t(){if(!n){n=!0;for(var e,t,r=-1!==navigator.appVersion.indexOf(\"MSIE 10\"),i=!!navigator.userAgent.match(\/Trident.*rv:11\\.\/),a=l.querySelectorAll(\"iframe.wp-embedded-content\"),s=0;s<a.length;s++){if(!(e=a[s]).getAttribute(\"data-secret\"))t=Math.random().toString(36).substr(2,10),e.src+=\"#?secret=\"+t,e.setAttribute(\"data-secret\",t);if(r||i)(t=e.cloneNode(!0)).removeAttribute(\"security\"),e.parentNode.replaceChild(t,e)}}}}(window,document);\n\/\/--><!]]>\n<\/script><iframe sandbox=\"allow-scripts\" security=\"restricted\" src=\"https:\/\/www.nettali.com\/2022\/09\/12\/senegal-bouna-sarr-forfait-pour-le-mondial-2022\/embed\/\" width=\"600\" height=\"338\" title=\"\u00ab\u00a0S\u00c9N\u00c9GAL - Bouna Sarr forfait pour le Mondial 2022\u00a0\u00bb &#8212; Nettali.com\" frameborder=\"0\" marginwidth=\"0\" marginheight=\"0\" scrolling=\"no\" class=\"wp-embedded-content\"><\/iframe>","thumbnail_url":"https:\/\/www.nettali.com\/wp-content\/uploads\/2022\/09\/FIwGSacXsAkmK3W.jpg","thumbnail_width":2000,"thumbnail_height":1125,"description":"NETTALI.COM - \u00c9norme tuile pour Bouna Sarr. Champion d\u2019Afrique en titre, le S\u00e9n\u00e9gal jouera la Coupe du monde sans Bouna Sarr. Selon L\u2019\u00c9quipe, le piston droit va \u00eatre op\u00e9r\u00e9 au genou ce mardi pour r\u00e9parer son tendon rotulien, et il d\u00e9clare donc de facto forfait pour le Mondial au Qatar. D'apr\u00e8s\u00a0 nos confr\u00e8res, l\u2019ancien Marseillais [&hellip;]"}

SÉNÉGAL - Bouna Sarr forfait pour le Mondial 2022

<blockquote class="wp-embedded-content"><a href="https://www.nettali.com/2022/09/12/senegal-bouna-sarr-forfait-pour-le-mondial-2022/">SÉNÉGAL - Bouna Sarr forfait pour le Mondial 2022</a></blockquote>
<script type='text/javascript'>
<!--//--><![CDATA[//><!--
		/*! This file is auto-generated */
		!function(d,l){"use strict";var e=!1,n=!1;if(l.querySelector)if(d.addEventListener)e=!0;if(d.wp=d.wp||{},!d.wp.receiveEmbedMessage)if(d.wp.receiveEmbedMessage=function(e){var t=e.data;if(t)if(t.secret||t.message||t.value)if(!/[^a-zA-Z0-9]/.test(t.secret)){for(var r,i,a,s=l.querySelectorAll('iframe[data-secret="'+t.secret+'"]'),n=l.querySelectorAll('blockquote[data-secret="'+t.secret+'"]'),o=new RegExp("^https?:$","i"),c=0;c<n.length;c++)n[c].style.display="none";for(c=0;c<s.length;c++)if(r=s[c],e.source===r.contentWindow){if(r.removeAttribute("style"),"height"===t.message){if(1e3<(a=parseInt(t.value,10)))a=1e3;else if(~~a<200)a=200;r.height=a}if("link"===t.message)if(i=l.createElement("a"),a=l.createElement("a"),i.href=r.getAttribute("src"),a.href=t.value,o.test(a.protocol))if(a.host===i.host)if(l.activeElement===r)d.top.location.href=t.value}}},e)d.addEventListener("message",d.wp.receiveEmbedMessage,!1),l.addEventListener("DOMContentLoaded",t,!1),d.addEventListener("load",t,!1);function t(){if(!n){n=!0;for(var e,t,r=-1!==navigator.appVersion.indexOf("MSIE 10"),i=!!navigator.userAgent.match(/Trident.*rv:11\./),a=l.querySelectorAll("iframe.wp-embedded-content"),s=0;s<a.length;s++){if(!(e=a[s]).getAttribute("data-secret"))t=Math.random().toString(36).substr(2,10),e.src+="#?secret="+t,e.setAttribute("data-secret",t);if(r||i)(t=e.cloneNode(!0)).removeAttribute("security"),e.parentNode.replaceChild(t,e)}}}}(window,document);
//--><!]]>
</script><iframe sandbox="allow-scripts" security="restricted" src="https://www.nettali.com/2022/09/12/senegal-bouna-sarr-forfait-pour-le-mondial-2022/embed/" width="600" height="338" title="« SÉNÉGAL - Bouna Sarr forfait pour le Mondial 2022 » &#8212; Nettali.com" frameborder="0" marginwidth="0" marginheight="0" scrolling="no" class="wp-embedded-content"></iframe>

NETTALI.COM - Énorme tuile pour Bouna Sarr. Champion d’Afrique en titre, le Sénégal jouera la Coupe du monde sans Bouna Sarr. Selon L’Équipe, le piston droit va être opéré au genou ce mardi pour réparer son tendon rotulien, et il déclare donc de facto forfait pour le Mondial au Qatar. D'après  nos confrères, l’ancien Marseillais [&hellip;]
