{"version":"1.0","provider_name":"Nettali.com","provider_url":"https:\/\/www.nettali.com","title":"REFORME DU FONCIER NATIONAL - Macky s'engage, de nouveau","type":"rich","width":600,"height":338,"html":"<blockquote class=\"wp-embedded-content\"><a href=\"https:\/\/www.nettali.com\/2022\/01\/18\/reforme-du-foncier-national-macky-sengage-de-nouveau\/\">REFORME DU FONCIER NATIONAL - Macky s'engage, de nouveau<\/a><\/blockquote>\n<script type='text\/javascript'>\n<!--\/\/--><![CDATA[\/\/><!--\n\t\t\/*! This file is auto-generated *\/\n\t\t!function(d,l){\"use strict\";var e=!1,n=!1;if(l.querySelector)if(d.addEventListener)e=!0;if(d.wp=d.wp||{},!d.wp.receiveEmbedMessage)if(d.wp.receiveEmbedMessage=function(e){var t=e.data;if(t)if(t.secret||t.message||t.value)if(!\/[^a-zA-Z0-9]\/.test(t.secret)){for(var r,i,a,s=l.querySelectorAll('iframe[data-secret=\"'+t.secret+'\"]'),n=l.querySelectorAll('blockquote[data-secret=\"'+t.secret+'\"]'),o=new RegExp(\"^https?:$\",\"i\"),c=0;c<n.length;c++)n[c].style.display=\"none\";for(c=0;c<s.length;c++)if(r=s[c],e.source===r.contentWindow){if(r.removeAttribute(\"style\"),\"height\"===t.message){if(1e3<(a=parseInt(t.value,10)))a=1e3;else if(~~a<200)a=200;r.height=a}if(\"link\"===t.message)if(i=l.createElement(\"a\"),a=l.createElement(\"a\"),i.href=r.getAttribute(\"src\"),a.href=t.value,o.test(a.protocol))if(a.host===i.host)if(l.activeElement===r)d.top.location.href=t.value}}},e)d.addEventListener(\"message\",d.wp.receiveEmbedMessage,!1),l.addEventListener(\"DOMContentLoaded\",t,!1),d.addEventListener(\"load\",t,!1);function t(){if(!n){n=!0;for(var e,t,r=-1!==navigator.appVersion.indexOf(\"MSIE 10\"),i=!!navigator.userAgent.match(\/Trident.*rv:11\\.\/),a=l.querySelectorAll(\"iframe.wp-embedded-content\"),s=0;s<a.length;s++){if(!(e=a[s]).getAttribute(\"data-secret\"))t=Math.random().toString(36).substr(2,10),e.src+=\"#?secret=\"+t,e.setAttribute(\"data-secret\",t);if(r||i)(t=e.cloneNode(!0)).removeAttribute(\"security\"),e.parentNode.replaceChild(t,e)}}}}(window,document);\n\/\/--><!]]>\n<\/script><iframe sandbox=\"allow-scripts\" security=\"restricted\" src=\"https:\/\/www.nettali.com\/2022\/01\/18\/reforme-du-foncier-national-macky-sengage-de-nouveau\/embed\/\" width=\"600\" height=\"338\" title=\"\u00ab\u00a0REFORME DU FONCIER NATIONAL - Macky s&#039;engage, de nouveau\u00a0\u00bb &#8212; Nettali.com\" frameborder=\"0\" marginwidth=\"0\" marginheight=\"0\" scrolling=\"no\" class=\"wp-embedded-content\"><\/iframe>","thumbnail_url":"https:\/\/www.nettali.com\/wp-content\/uploads\/2021\/07\/2a8ee2a_5280275-01-06.jpg","thumbnail_width":664,"thumbnail_height":403,"description":"NETTALI.COM - Le chef de l\u2019Etat, Macky Sall, annonce encore une r\u00e9forme du foncier national, pour en faire \u2018\u2019enfin un pilier de l\u2019\u00e9mergence pour l\u2019\u00e9quit\u00e9 et la justice sociale\u2019\u2019. Le pr\u00e9sident de la R\u00e9publique compte donner les instructions n\u00e9cessaires pour une r\u00e9forme du foncier national, qui sera \u2018\u2019afin un pilier de l\u2019\u00e9mergence pour l\u2019\u00e9quit\u00e9 et [&hellip;]"}

NETTALI.COM - Le chef de l’Etat, Macky Sall, annonce encore une réforme du foncier national, pour en faire ‘’enfin un pilier de l’émergence pour l’équité et la justice sociale’’. Le président de la République compte donner les instructions nécessaires pour une réforme du foncier national, qui sera ‘’afin un pilier de l’émergence pour l’équité et [&hellip;]
