{"version":"1.0","provider_name":"Nettali.com","provider_url":"https:\/\/www.nettali.com","title":"MERCATO - Youssouph Sabaly rejoint le Betis Seville","type":"rich","width":600,"height":338,"html":"<blockquote class=\"wp-embedded-content\"><a href=\"https:\/\/www.nettali.com\/2021\/06\/07\/mercato-youssouph-sabaly-rejoint-le-betis-seville\/\">MERCATO - Youssouph Sabaly rejoint le Betis Seville<\/a><\/blockquote>\n<script type='text\/javascript'>\n<!--\/\/--><![CDATA[\/\/><!--\n\t\t\/*! This file is auto-generated *\/\n\t\t!function(d,l){\"use strict\";var e=!1,n=!1;if(l.querySelector)if(d.addEventListener)e=!0;if(d.wp=d.wp||{},!d.wp.receiveEmbedMessage)if(d.wp.receiveEmbedMessage=function(e){var t=e.data;if(t)if(t.secret||t.message||t.value)if(!\/[^a-zA-Z0-9]\/.test(t.secret)){for(var r,i,a,s=l.querySelectorAll('iframe[data-secret=\"'+t.secret+'\"]'),n=l.querySelectorAll('blockquote[data-secret=\"'+t.secret+'\"]'),o=new RegExp(\"^https?:$\",\"i\"),c=0;c<n.length;c++)n[c].style.display=\"none\";for(c=0;c<s.length;c++)if(r=s[c],e.source===r.contentWindow){if(r.removeAttribute(\"style\"),\"height\"===t.message){if(1e3<(a=parseInt(t.value,10)))a=1e3;else if(~~a<200)a=200;r.height=a}if(\"link\"===t.message)if(i=l.createElement(\"a\"),a=l.createElement(\"a\"),i.href=r.getAttribute(\"src\"),a.href=t.value,o.test(a.protocol))if(a.host===i.host)if(l.activeElement===r)d.top.location.href=t.value}}},e)d.addEventListener(\"message\",d.wp.receiveEmbedMessage,!1),l.addEventListener(\"DOMContentLoaded\",t,!1),d.addEventListener(\"load\",t,!1);function t(){if(!n){n=!0;for(var e,t,r=-1!==navigator.appVersion.indexOf(\"MSIE 10\"),i=!!navigator.userAgent.match(\/Trident.*rv:11\\.\/),a=l.querySelectorAll(\"iframe.wp-embedded-content\"),s=0;s<a.length;s++){if(!(e=a[s]).getAttribute(\"data-secret\"))t=Math.random().toString(36).substr(2,10),e.src+=\"#?secret=\"+t,e.setAttribute(\"data-secret\",t);if(r||i)(t=e.cloneNode(!0)).removeAttribute(\"security\"),e.parentNode.replaceChild(t,e)}}}}(window,document);\n\/\/--><!]]>\n<\/script><iframe sandbox=\"allow-scripts\" security=\"restricted\" src=\"https:\/\/www.nettali.com\/2021\/06\/07\/mercato-youssouph-sabaly-rejoint-le-betis-seville\/embed\/\" width=\"600\" height=\"338\" title=\"\u00ab\u00a0MERCATO - Youssouph Sabaly rejoint le Betis Seville\u00a0\u00bb &#8212; Nettali.com\" frameborder=\"0\" marginwidth=\"0\" marginheight=\"0\" scrolling=\"no\" class=\"wp-embedded-content\"><\/iframe>","thumbnail_url":"https:\/\/www.nettali.com\/wp-content\/uploads\/2021\/06\/Screenshot_20210607-214503-1.jpg","thumbnail_width":720,"thumbnail_height":535,"description":"NETTALI.COM - Youssouph Sabaly d\u00e9barque au Betis S\u00e9ville. En fin de contrat chez les Girondins de Bordeaux, le lat\u00e9ral droit de 28 ans s\u2019est officiellement engag\u00e9 avec le club espagnol jusqu\u2019en 2026. Betis S\u00e9ville a annonc\u00e9 lundi apr\u00e8s-midi la signature du lat\u00e9ral droit s\u00e9n\u00e9galais Youssouf Sabaly en provenance des Girondins de Bordeaux. Le vice-champion d'Afrique [&hellip;]"}

NETTALI.COM - Youssouph Sabaly débarque au Betis Séville. En fin de contrat chez les Girondins de Bordeaux, le latéral droit de 28 ans s’est officiellement engagé avec le club espagnol jusqu’en 2026. Betis Séville a annoncé lundi après-midi la signature du latéral droit sénégalais Youssouf Sabaly en provenance des Girondins de Bordeaux. Le vice-champion d'Afrique [&hellip;]
