{"version":"1.0","provider_name":"Nettali.com","provider_url":"https:\/\/www.nettali.com","title":"MANIFS CONTRE MACKY - Sonko mouille Idy","type":"rich","width":600,"height":338,"html":"<blockquote class=\"wp-embedded-content\"><a href=\"https:\/\/www.nettali.com\/2021\/04\/22\/manifs-contre-macky-sonko-mouille-idy\/\">MANIFS CONTRE MACKY  - Sonko mouille Idy<\/a><\/blockquote>\n<script type='text\/javascript'>\n<!--\/\/--><![CDATA[\/\/><!--\n\t\t\/*! This file is auto-generated *\/\n\t\t!function(d,l){\"use strict\";var e=!1,n=!1;if(l.querySelector)if(d.addEventListener)e=!0;if(d.wp=d.wp||{},!d.wp.receiveEmbedMessage)if(d.wp.receiveEmbedMessage=function(e){var t=e.data;if(t)if(t.secret||t.message||t.value)if(!\/[^a-zA-Z0-9]\/.test(t.secret)){for(var r,i,a,s=l.querySelectorAll('iframe[data-secret=\"'+t.secret+'\"]'),n=l.querySelectorAll('blockquote[data-secret=\"'+t.secret+'\"]'),o=new RegExp(\"^https?:$\",\"i\"),c=0;c<n.length;c++)n[c].style.display=\"none\";for(c=0;c<s.length;c++)if(r=s[c],e.source===r.contentWindow){if(r.removeAttribute(\"style\"),\"height\"===t.message){if(1e3<(a=parseInt(t.value,10)))a=1e3;else if(~~a<200)a=200;r.height=a}if(\"link\"===t.message)if(i=l.createElement(\"a\"),a=l.createElement(\"a\"),i.href=r.getAttribute(\"src\"),a.href=t.value,o.test(a.protocol))if(a.host===i.host)if(l.activeElement===r)d.top.location.href=t.value}}},e)d.addEventListener(\"message\",d.wp.receiveEmbedMessage,!1),l.addEventListener(\"DOMContentLoaded\",t,!1),d.addEventListener(\"load\",t,!1);function t(){if(!n){n=!0;for(var e,t,r=-1!==navigator.appVersion.indexOf(\"MSIE 10\"),i=!!navigator.userAgent.match(\/Trident.*rv:11\\.\/),a=l.querySelectorAll(\"iframe.wp-embedded-content\"),s=0;s<a.length;s++){if(!(e=a[s]).getAttribute(\"data-secret\"))t=Math.random().toString(36).substr(2,10),e.src+=\"#?secret=\"+t,e.setAttribute(\"data-secret\",t);if(r||i)(t=e.cloneNode(!0)).removeAttribute(\"security\"),e.parentNode.replaceChild(t,e)}}}}(window,document);\n\/\/--><!]]>\n<\/script><iframe sandbox=\"allow-scripts\" security=\"restricted\" src=\"https:\/\/www.nettali.com\/2021\/04\/22\/manifs-contre-macky-sonko-mouille-idy\/embed\/\" width=\"600\" height=\"338\" title=\"\u00ab\u00a0MANIFS CONTRE MACKY  - Sonko mouille Idy\u00a0\u00bb &#8212; Nettali.com\" frameborder=\"0\" marginwidth=\"0\" marginheight=\"0\" scrolling=\"no\" class=\"wp-embedded-content\"><\/iframe>","thumbnail_url":"https:\/\/www.nettali.com\/wp-content\/uploads\/2021\/04\/idy_sonko_1.jpg","thumbnail_width":736,"thumbnail_height":408,"description":"NETTALI.COM - Ousmane Sonko a repris la parole ce mercredi apr\u00e8s un long silence.\u00a0 Dans un entretien avec Jotna Tv, la cha\u00eene de son parti, le leader de Pastef est revenu sur la pr\u00e9sidentielle de 2019, rappelant que c'est Idrissa Seck qui l'a appel\u00e9 pour des manifestations contre Macky Sall.\u00a0 La \"tortuosit\u00e9\" d'Idrissa Seck. Ousmane [&hellip;]"}

NETTALI.COM - Ousmane Sonko a repris la parole ce mercredi après un long silence.  Dans un entretien avec Jotna Tv, la chaîne de son parti, le leader de Pastef est revenu sur la présidentielle de 2019, rappelant que c'est Idrissa Seck qui l'a appelé pour des manifestations contre Macky Sall.  La "tortuosité" d'Idrissa Seck. Ousmane [&hellip;]
