{"version":"1.0","provider_name":"Nettali.com","provider_url":"https:\/\/www.nettali.com","title":"LIBERATION TEMPORAIRE DE HABRE \u2013 Le veto des Nations Unies","type":"rich","width":600,"height":338,"html":"<blockquote class=\"wp-embedded-content\"><a href=\"https:\/\/www.nettali.com\/2021\/04\/16\/liberation-temporaire-de-habre-le-veto-des-nations-unies\/\">LIBERATION TEMPORAIRE DE HABRE \u2013 Le veto des Nations Unies<\/a><\/blockquote>\n<script type='text\/javascript'>\n<!--\/\/--><![CDATA[\/\/><!--\n\t\t\/*! This file is auto-generated *\/\n\t\t!function(d,l){\"use strict\";var e=!1,n=!1;if(l.querySelector)if(d.addEventListener)e=!0;if(d.wp=d.wp||{},!d.wp.receiveEmbedMessage)if(d.wp.receiveEmbedMessage=function(e){var t=e.data;if(t)if(t.secret||t.message||t.value)if(!\/[^a-zA-Z0-9]\/.test(t.secret)){for(var r,i,a,s=l.querySelectorAll('iframe[data-secret=\"'+t.secret+'\"]'),n=l.querySelectorAll('blockquote[data-secret=\"'+t.secret+'\"]'),o=new RegExp(\"^https?:$\",\"i\"),c=0;c<n.length;c++)n[c].style.display=\"none\";for(c=0;c<s.length;c++)if(r=s[c],e.source===r.contentWindow){if(r.removeAttribute(\"style\"),\"height\"===t.message){if(1e3<(a=parseInt(t.value,10)))a=1e3;else if(~~a<200)a=200;r.height=a}if(\"link\"===t.message)if(i=l.createElement(\"a\"),a=l.createElement(\"a\"),i.href=r.getAttribute(\"src\"),a.href=t.value,o.test(a.protocol))if(a.host===i.host)if(l.activeElement===r)d.top.location.href=t.value}}},e)d.addEventListener(\"message\",d.wp.receiveEmbedMessage,!1),l.addEventListener(\"DOMContentLoaded\",t,!1),d.addEventListener(\"load\",t,!1);function t(){if(!n){n=!0;for(var e,t,r=-1!==navigator.appVersion.indexOf(\"MSIE 10\"),i=!!navigator.userAgent.match(\/Trident.*rv:11\\.\/),a=l.querySelectorAll(\"iframe.wp-embedded-content\"),s=0;s<a.length;s++){if(!(e=a[s]).getAttribute(\"data-secret\"))t=Math.random().toString(36).substr(2,10),e.src+=\"#?secret=\"+t,e.setAttribute(\"data-secret\",t);if(r||i)(t=e.cloneNode(!0)).removeAttribute(\"security\"),e.parentNode.replaceChild(t,e)}}}}(window,document);\n\/\/--><!]]>\n<\/script><iframe sandbox=\"allow-scripts\" security=\"restricted\" src=\"https:\/\/www.nettali.com\/2021\/04\/16\/liberation-temporaire-de-habre-le-veto-des-nations-unies\/embed\/\" width=\"600\" height=\"338\" title=\"\u00ab\u00a0LIBERATION TEMPORAIRE DE HABRE \u2013 Le veto des Nations Unies\u00a0\u00bb &#8212; Nettali.com\" frameborder=\"0\" marginwidth=\"0\" marginheight=\"0\" scrolling=\"no\" class=\"wp-embedded-content\"><\/iframe>","thumbnail_url":"https:\/\/www.nettali.com\/wp-content\/uploads\/2020\/01\/Hissene-Habre-sortie-tribunal-Dakar-3-2015_0_729_487.jpg","thumbnail_width":729,"thumbnail_height":487,"description":"NETTALI.COM - L\u2019id\u00e9e d\u2019accorder une lib\u00e9ration temporaire \u00e0 Hiss\u00e8ne Habr\u00e9 n\u2019emporte pas l\u2019adh\u00e9sion de l\u2019Organisation des Nations Unies. Les rapports de la commission mise en place \u00e0 cet effet estiment que le maintien en d\u00e9tention de M.\u00a0Habr\u00e9 est essentiel pour lui permettre de r\u00e9pondre \u00e0 des graves crimes qu\u2019il a commis et pour garantir l\u2019acc\u00e8s [&hellip;]"}

NETTALI.COM - L’idée d’accorder une libération temporaire à Hissène Habré n’emporte pas l’adhésion de l’Organisation des Nations Unies. Les rapports de la commission mise en place à cet effet estiment que le maintien en détention de M. Habré est essentiel pour lui permettre de répondre à des graves crimes qu’il a commis et pour garantir l’accès [&hellip;]
